[INFO] cloning repository https://github.com/hexjelly/haze
[INFO] running `Command { std: "git" "-c" "credential.helper=" "-c" "credential.helper=/workspace/cargo-home/bin/git-credential-null" "clone" "--bare" "https://github.com/hexjelly/haze" "/workspace/cache/git-repos/https%3A%2F%2Fgithub.com%2Fhexjelly%2Fhaze", kill_on_drop: false }`
[INFO] [stderr] Cloning into bare repository '/workspace/cache/git-repos/https%3A%2F%2Fgithub.com%2Fhexjelly%2Fhaze'...
[INFO] running `Command { std: "git" "rev-parse" "HEAD", kill_on_drop: false }`
[INFO] [stdout] 5ecbb3df4a2160e8683faf4218c64392a8da710a
[INFO] checking hexjelly/haze against master#cfbc6d4cf1acbac5c025acf8ed68929caa551df3 for pr-75494-beta
[INFO] running `Command { std: "git" "clone" "/workspace/cache/git-repos/https%3A%2F%2Fgithub.com%2Fhexjelly%2Fhaze" "/workspace/builds/worker-2/source", kill_on_drop: false }`
[INFO] [stderr] Cloning into '/workspace/builds/worker-2/source'...
[INFO] [stderr] done.
[INFO] validating manifest of git repo https://github.com/hexjelly/haze on toolchain cfbc6d4cf1acbac5c025acf8ed68929caa551df3
[INFO] running `Command { std: "/workspace/cargo-home/bin/cargo" "+cfbc6d4cf1acbac5c025acf8ed68929caa551df3" "read-manifest" "--manifest-path" "Cargo.toml", kill_on_drop: false }`
[INFO] started tweaking git repo https://github.com/hexjelly/haze
[INFO] removed workspace from git repo https://github.com/hexjelly/haze
[INFO] removed path dependency haze from git repo https://github.com/hexjelly/haze
[INFO] finished tweaking git repo https://github.com/hexjelly/haze
[INFO] tweaked toml for git repo https://github.com/hexjelly/haze written to /workspace/builds/worker-2/source/Cargo.toml
[INFO] crate git repo https://github.com/hexjelly/haze already has a lockfile, it will not be regenerated
[INFO] running `Command { std: "/workspace/cargo-home/bin/cargo" "+cfbc6d4cf1acbac5c025acf8ed68929caa551df3" "fetch" "--locked" "--manifest-path" "Cargo.toml", kill_on_drop: false }`
[INFO] [stderr] warning: dependency (haze) specified without providing a local path, Git repository, or version to use. This will be considered an error in future versions
[INFO] [stderr]     Updating crates.io index
[INFO] [stderr] error: the lock file /workspace/builds/worker-2/source/Cargo.lock needs to be updated but --locked was passed to prevent this
[INFO] [stderr] If you want to try to generate the lock file without accessing the network, use the --offline flag.
[INFO] the lockfile is outdated, regenerating it
[INFO] running `Command { std: "/workspace/cargo-home/bin/cargo" "+cfbc6d4cf1acbac5c025acf8ed68929caa551df3" "generate-lockfile" "--manifest-path" "Cargo.toml" "-Zno-index-update", kill_on_drop: false }`
[INFO] running `Command { std: "/workspace/cargo-home/bin/cargo" "+cfbc6d4cf1acbac5c025acf8ed68929caa551df3" "fetch" "--locked" "--manifest-path" "Cargo.toml", kill_on_drop: false }`
[INFO] [stderr] warning: dependency (haze) specified without providing a local path, Git repository, or version to use. This will be considered an error in future versions
[INFO] [stderr]  Downloading crates ...
[INFO] [stderr]   Downloaded curl v0.4.33
[INFO] [stderr]   Downloaded haze v0.1.0
[INFO] [stderr]   Downloaded kuchiki v0.8.1
[INFO] [stderr]   Downloaded curl-sys v0.4.36+curl-7.71.1
[INFO] [stderr]   Downloaded pretty_env_logger v0.4.0
[INFO] running `Command { std: "docker" "create" "-v" "/var/lib/crater-agent-workspace/builds/worker-2/target:/opt/rustwide/target:rw,Z" "-v" "/var/lib/crater-agent-workspace/builds/worker-2/source:/opt/rustwide/workdir:ro,Z" "-v" "/var/lib/crater-agent-workspace/cargo-home:/opt/rustwide/cargo-home:ro,Z" "-v" "/var/lib/crater-agent-workspace/rustup-home:/opt/rustwide/rustup-home:ro,Z" "-e" "SOURCE_DIR=/opt/rustwide/workdir" "-e" "CARGO_TARGET_DIR=/opt/rustwide/target" "-e" "CARGO_HOME=/opt/rustwide/cargo-home" "-e" "RUSTUP_HOME=/opt/rustwide/rustup-home" "-w" "/opt/rustwide/workdir" "-m" "1610612736" "--user" "0:0" "--network" "none" "rustops/crates-build-env@sha256:a636fd89d022f18117e1dc8fb37a0a009933cdbbe082814857f0e2024962d47c" "/opt/rustwide/cargo-home/bin/cargo" "+cfbc6d4cf1acbac5c025acf8ed68929caa551df3" "metadata" "--no-deps" "--format-version=1", kill_on_drop: false }`
[INFO] [stdout] fbe238b8250029bf3a2b12f9621e3ca43fb3d9f562e80d574387a5b3959ef8c6
[INFO] [stderr] WARNING: Your kernel does not support swap limit capabilities or the cgroup is not mounted. Memory limited without swap.
[INFO] running `Command { std: "docker" "start" "-a" "fbe238b8250029bf3a2b12f9621e3ca43fb3d9f562e80d574387a5b3959ef8c6", kill_on_drop: false }`
[INFO] running `Command { std: "docker" "inspect" "fbe238b8250029bf3a2b12f9621e3ca43fb3d9f562e80d574387a5b3959ef8c6", kill_on_drop: false }`
[INFO] running `Command { std: "docker" "rm" "-f" "fbe238b8250029bf3a2b12f9621e3ca43fb3d9f562e80d574387a5b3959ef8c6", kill_on_drop: false }`
[INFO] [stdout] fbe238b8250029bf3a2b12f9621e3ca43fb3d9f562e80d574387a5b3959ef8c6
[INFO] running `Command { std: "docker" "create" "-v" "/var/lib/crater-agent-workspace/builds/worker-2/target:/opt/rustwide/target:rw,Z" "-v" "/var/lib/crater-agent-workspace/builds/worker-2/source:/opt/rustwide/workdir:ro,Z" "-v" "/var/lib/crater-agent-workspace/cargo-home:/opt/rustwide/cargo-home:ro,Z" "-v" "/var/lib/crater-agent-workspace/rustup-home:/opt/rustwide/rustup-home:ro,Z" "-e" "SOURCE_DIR=/opt/rustwide/workdir" "-e" "CARGO_TARGET_DIR=/opt/rustwide/target" "-e" "CARGO_INCREMENTAL=0" "-e" "RUST_BACKTRACE=full" "-e" "RUSTFLAGS=--cap-lints=forbid" "-e" "CARGO_HOME=/opt/rustwide/cargo-home" "-e" "RUSTUP_HOME=/opt/rustwide/rustup-home" "-w" "/opt/rustwide/workdir" "-m" "1610612736" "--user" "0:0" "--network" "none" "rustops/crates-build-env@sha256:a636fd89d022f18117e1dc8fb37a0a009933cdbbe082814857f0e2024962d47c" "/opt/rustwide/cargo-home/bin/cargo" "+cfbc6d4cf1acbac5c025acf8ed68929caa551df3" "check" "--frozen" "--all" "--all-targets" "--message-format=json", kill_on_drop: false }`
[INFO] [stdout] 38b1b2d31f3a42b7a49a41df4c2fb0af62734e7d832cbb8588647a0ab416fa6d
[INFO] [stderr] WARNING: Your kernel does not support swap limit capabilities or the cgroup is not mounted. Memory limited without swap.
[INFO] running `Command { std: "docker" "start" "-a" "38b1b2d31f3a42b7a49a41df4c2fb0af62734e7d832cbb8588647a0ab416fa6d", kill_on_drop: false }`
[INFO] [stderr] warning: dependency (haze) specified without providing a local path, Git repository, or version to use. This will be considered an error in future versions
[INFO] [stderr]    Compiling libc v0.2.76
[INFO] [stderr]    Compiling syn v1.0.39
[INFO] [stderr]    Compiling getrandom v0.1.14
[INFO] [stderr]    Compiling cfg-if v0.1.10
[INFO] [stderr]    Compiling ppv-lite86 v0.2.9
[INFO] [stderr]    Compiling siphasher v0.3.3
[INFO] [stderr]    Compiling log v0.4.11
[INFO] [stderr]     Checking lazy_static v1.4.0
[INFO] [stderr]    Compiling serde_derive v1.0.115
[INFO] [stderr]     Checking new_debug_unreachable v1.0.4
[INFO] [stderr]    Compiling memchr v2.3.3
[INFO] [stderr]    Compiling byteorder v1.3.4
[INFO] [stderr]     Checking precomputed-hash v0.1.1
[INFO] [stderr]     Checking mac v0.1.1
[INFO] [stderr]    Compiling bitflags v1.2.1
[INFO] [stderr]     Checking dtoa v0.4.6
[INFO] [stderr]     Checking itoa v0.4.6
[INFO] [stderr]     Checking matches v0.1.8
[INFO] [stderr]     Checking quick-error v1.2.3
[INFO] [stderr]     Checking regex-syntax v0.6.18
[INFO] [stderr]     Checking nodrop v0.1.14
[INFO] [stderr]     Checking rustc-demangle v0.1.16
[INFO] [stderr]     Checking thin-slice v0.1.1
[INFO] [stderr]     Checking termcolor v1.1.0
[INFO] [stderr]    Compiling curl v0.4.33
[INFO] [stderr]     Checking haze v0.1.0
[INFO] [stderr]    Compiling libz-sys v1.1.0
[INFO] [stderr]    Compiling curl-sys v0.4.36+curl-7.71.1
[INFO] [stderr]    Compiling phf_shared v0.8.0
[INFO] [stderr]     Checking futf v0.1.4
[INFO] [stderr]     Checking thread_local v1.0.1
[INFO] [stderr]     Checking humantime v1.3.0
[INFO] [stderr]     Checking servo_arc v0.1.1
[INFO] [stderr]     Checking dtoa-short v0.3.2
[INFO] [stderr]    Compiling ryu v1.0.5
[INFO] [stderr]     Checking tendril v0.4.1
[INFO] [stderr]     Checking string_cache v0.8.0
[INFO] [stderr]    Compiling serde_json v1.0.57
[INFO] [stderr]     Checking fxhash v0.2.1
[INFO] [stderr]     Checking aho-corasick v0.7.13
[INFO] [stderr]     Checking openssl-sys v0.9.58
[INFO] [stderr]     Checking atty v0.2.14
[INFO] [stderr]     Checking socket2 v0.3.12
[INFO] [stderr]     Checking backtrace v0.3.50
[INFO] [stderr]    Compiling rand_core v0.5.1
[INFO] [stderr]    Compiling rand_chacha v0.2.2
[INFO] [stderr]    Compiling rand_pcg v0.2.1
[INFO] [stderr]    Compiling rand v0.7.3
[INFO] [stderr]     Checking regex v1.3.9
[INFO] [stderr]    Compiling phf_generator v0.8.0
[INFO] [stderr]    Compiling phf_codegen v0.8.0
[INFO] [stderr]    Compiling string_cache_codegen v0.5.1
[INFO] [stderr]    Compiling selectors v0.22.0
[INFO] [stderr]     Checking env_logger v0.7.1
[INFO] [stderr]     Checking pretty_env_logger v0.4.0
[INFO] [stderr]    Compiling synstructure v0.12.4
[INFO] [stderr]    Compiling phf_macros v0.8.0
[INFO] [stderr]    Compiling cssparser v0.27.2
[INFO] [stderr]    Compiling cssparser-macros v0.6.0
[INFO] [stderr]    Compiling html5ever v0.25.1
[INFO] [stderr]    Compiling derive_more v0.99.9
[INFO] [stderr]    Compiling failure_derive v0.1.8
[INFO] [stderr]     Checking failure v0.1.8
[INFO] [stderr]     Checking phf v0.8.0
[INFO] [stderr]    Compiling markup5ever v0.10.0
[INFO] [stderr]     Checking kuchiki v0.8.1
[INFO] [stderr]     Checking hazeman v0.1.0 (/opt/rustwide/workdir)
[INFO] [stdout] error[E0432]: unresolved import `haze::middleware`
[INFO] [stdout]  --> src/helpers.rs:2:11
[INFO] [stdout]   |
[INFO] [stdout] 2 | use haze::middleware::MWError;
[INFO] [stdout]   |           ^^^^^^^^^^ could not find `middleware` in `haze`
[INFO] [stdout] 
[INFO] [stdout] 
[INFO] [stdout] error[E0432]: unresolved import `haze::middleware`
[INFO] [stdout]  --> src/plugins/link_title.rs:1:11
[INFO] [stdout]   |
[INFO] [stdout] 1 | use haze::middleware::{
[INFO] [stdout]   |           ^^^^^^^^^^ could not find `middleware` in `haze`
[INFO] [stdout] 
[INFO] [stdout] 
[INFO] [stdout] error[E0433]: failed to resolve: could not find `Bot` in `haze`
[INFO] [stdout]   --> src/main.rs:19:25
[INFO] [stdout]    |
[INFO] [stdout] 19 |     let mut bot = haze::Bot::new();
[INFO] [stdout]    |                         ^^^ could not find `Bot` in `haze`
[INFO] [stdout] 
[INFO] [stdout] 
[INFO] [stdout] warning: unused `#[macro_use]` import
[INFO] [stdout]  --> src/main.rs:7:1
[INFO] [stdout]   |
[INFO] [stdout] 7 | #[macro_use]
[INFO] [stdout]   | ^^^^^^^^^^^^
[INFO] [stdout]   |
[INFO] [stdout]   = note: `#[warn(unused_imports)]` on by default
[INFO] [stdout] 
[INFO] [stdout] 
[INFO] [stdout] error: aborting due to 3 previous errors; 1 warning emitted
[INFO] [stdout] 
[INFO] [stdout] 
[INFO] [stdout] Some errors have detailed explanations: E0432, E0433.
[INFO] [stdout] 
[INFO] [stdout] For more information about an error, try `rustc --explain E0432`.
[INFO] [stdout] 
[INFO] [stderr] error: could not compile `hazeman`.
[INFO] [stderr] 
[INFO] [stderr] To learn more, run the command again with --verbose.
[INFO] [stderr] warning: build failed, waiting for other jobs to finish...
[INFO] [stdout] error[E0432]: unresolved import `haze::middleware`
[INFO] [stdout]  --> src/helpers.rs:2:11
[INFO] [stdout]   |
[INFO] [stdout] 2 | use haze::middleware::MWError;
[INFO] [stdout]   |           ^^^^^^^^^^ could not find `middleware` in `haze`
[INFO] [stdout] 
[INFO] [stdout] 
[INFO] [stdout] error[E0432]: unresolved import `haze::middleware`
[INFO] [stdout]  --> src/plugins/link_title.rs:1:11
[INFO] [stdout]   |
[INFO] [stdout] 1 | use haze::middleware::{
[INFO] [stdout]   |           ^^^^^^^^^^ could not find `middleware` in `haze`
[INFO] [stdout] 
[INFO] [stdout] 
[INFO] [stdout] error[E0433]: failed to resolve: could not find `Bot` in `haze`
[INFO] [stdout]   --> src/main.rs:19:25
[INFO] [stdout]    |
[INFO] [stdout] 19 |     let mut bot = haze::Bot::new();
[INFO] [stdout]    |                         ^^^ could not find `Bot` in `haze`
[INFO] [stdout] 
[INFO] [stdout] 
[INFO] [stdout] warning: unused `#[macro_use]` import
[INFO] [stdout]  --> src/main.rs:7:1
[INFO] [stdout]   |
[INFO] [stdout] 7 | #[macro_use]
[INFO] [stdout]   | ^^^^^^^^^^^^
[INFO] [stdout]   |
[INFO] [stdout]   = note: `#[warn(unused_imports)]` on by default
[INFO] [stdout] 
[INFO] [stdout] 
[INFO] [stdout] error: aborting due to 3 previous errors; 1 warning emitted
[INFO] [stdout] 
[INFO] [stdout] 
[INFO] [stdout] Some errors have detailed explanations: E0432, E0433.
[INFO] [stdout] 
[INFO] [stdout] For more information about an error, try `rustc --explain E0432`.
[INFO] [stdout] 
[INFO] [stderr] error: build failed
[INFO] running `Command { std: "docker" "inspect" "38b1b2d31f3a42b7a49a41df4c2fb0af62734e7d832cbb8588647a0ab416fa6d", kill_on_drop: false }`
[INFO] running `Command { std: "docker" "rm" "-f" "38b1b2d31f3a42b7a49a41df4c2fb0af62734e7d832cbb8588647a0ab416fa6d", kill_on_drop: false }`
[INFO] [stdout] 38b1b2d31f3a42b7a49a41df4c2fb0af62734e7d832cbb8588647a0ab416fa6d
